{"id":2040,"date":"2024-10-04T11:39:02","date_gmt":"2024-10-04T09:39:02","guid":{"rendered":"https:\/\/reparpc.com\/index.php\/contact\/"},"modified":"2026-02-26T18:45:26","modified_gmt":"2026-02-26T17:45:26","slug":"contact","status":"publish","type":"page","link":"https:\/\/reparpc.com\/index.php\/contact\/","title":{"rendered":"Contact"},"content":{"rendered":"<div data-colibri-id=\"2040-c1\" class=\"style-327 style-local-2040-c1 position-relative\">\n  <!---->\n  <div data-colibri-component=\"section\" data-colibri-id=\"2040-c2\" id=\"reusable-sections\" class=\"h-section h-section-global-spacing d-flex align-items-lg-center align-items-md-center align-items-center style-350 style-local-2040-c2 position-relative\">\n    <div class=\"background-wrapper\">\n      <div class=\"background-layer background-layer-media-container-lg\">\n        <!---->\n        <div class=\"overlay-layer\">\n          <div class=\"overlay-image-layer\" style=\"background-color: rgb(0, 0, 0); opacity: 0.5;\"><\/div>\n        <\/div>\n      <\/div>\n      <div class=\"background-layer background-layer-media-container-md\">\n        <!---->\n        <div class=\"overlay-layer\">\n          <div class=\"overlay-image-layer\" style=\"background-color: rgb(0, 0, 0); opacity: 0.5;\"><\/div>\n        <\/div>\n      <\/div>\n      <div class=\"background-layer background-layer-media-container\">\n        <!---->\n        <div class=\"overlay-layer\">\n          <div class=\"overlay-image-layer\" style=\"background-color: rgb(0, 0, 0); opacity: 0.5;\"><\/div>\n        <\/div>\n      <\/div>\n    <\/div>\n    <!---->\n    <div class=\"h-section-grid-container h-section-boxed-container\">\n      <!---->\n      <div data-colibri-id=\"2040-c3\" class=\"h-row-container gutters-row-lg-0 gutters-row-md-0 gutters-row-2 gutters-row-v-lg-2 gutters-row-v-md-2 gutters-row-v-0 style-351 style-local-2040-c3 position-relative\">\n        <!---->\n        <div class=\"h-row justify-content-lg-center justify-content-md-center justify-content-center align-items-lg-stretch align-items-md-stretch align-items-stretch gutters-col-lg-0 gutters-col-md-0 gutters-col-2 gutters-col-v-lg-2 gutters-col-v-md-2 gutters-col-v-0\">\n          <!---->\n          <div class=\"h-column h-column-container d-flex h-col-lg-auto h-col-md-auto h-col-auto style-352-outer style-local-2040-c4-outer\">\n            <div data-colibri-id=\"2040-c4\" class=\"d-flex h-flex-basis h-column__inner h-px-lg-3 h-px-md-3 h-px-3 v-inner-lg-3 v-inner-md-3 v-inner-3 style-352 style-local-2040-c4 position-relative\">\n              <!---->\n              <!---->\n              <div class=\"w-100 h-y-container h-column__content h-column__v-align flex-basis-100 align-self-lg-center align-self-md-center align-self-center\">\n                <!---->\n                <div data-colibri-id=\"2040-c5\" class=\"h-contact-form__outer--forminator style-353 style-local-2040-c5 position-relative h-element\">\n                  <!---->\n                  <div class=\"h-global-transition-all h-global-transition h-global-transition-all h-contact-form-shortcode\"><div class=\"forminator-ui forminator-custom-form forminator-custom-form-2209 forminator-design--default  forminator_ajax\" data-forminator-render=\"0\" data-form=\"forminator-module-2209\" data-uid=\"69e4b9456708e\"><br\/><\/div><form\n\t\t\t\tid=\"forminator-module-2209\"\n\t\t\t\tclass=\"forminator-ui forminator-custom-form forminator-custom-form-2209 forminator-design--default  forminator_ajax\"\n\t\t\t\tmethod=\"post\"\n\t\t\t\tdata-forminator-render=\"0\"\n\t\t\t\tdata-form-id=\"2209\"\n\t\t\t\t data-color-option=\"theme\" data-design=\"default\" data-grid=\"open\" style=\"display: none;\"\n\t\t\t\tdata-uid=\"69e4b9456708e\"\n\t\t\t><div role=\"alert\" aria-live=\"polite\" class=\"forminator-response-message forminator-error\" aria-hidden=\"true\"><\/div><div class=\"forminator-row\"><div id=\"name-1\" class=\"forminator-field-name forminator-col forminator-col-12 \"><div class=\"forminator-field\"><label for=\"forminator-field-name-1_69e4b9456708e\" id=\"forminator-field-name-1_69e4b9456708e-label\" class=\"forminator-label\">Pr\u00e9nom <span class=\"forminator-required\">*<\/span><\/label><input type=\"text\" name=\"name-1\" value=\"\" placeholder=\"\" id=\"forminator-field-name-1_69e4b9456708e\" class=\"forminator-input forminator-name--field\" aria-required=\"true\" autocomplete=\"name\" \/><\/div><\/div><\/div><div class=\"forminator-row\"><div id=\"email-1\" class=\"forminator-field-email forminator-col forminator-col-12 \"><div class=\"forminator-field\"><label for=\"forminator-field-email-1_69e4b9456708e\" id=\"forminator-field-email-1_69e4b9456708e-label\" class=\"forminator-label\">Adresse de messagerie <span class=\"forminator-required\">*<\/span><\/label><input type=\"email\" name=\"email-1\" value=\"\" placeholder=\"\" id=\"forminator-field-email-1_69e4b9456708e\" class=\"forminator-input forminator-email--field\" data-required=\"true\" aria-required=\"true\" autocomplete=\"email\" \/><\/div><\/div><\/div><div class=\"forminator-row\"><div id=\"phone-1\" class=\"forminator-field-phone forminator-col forminator-col-12 \"><div class=\"forminator-field\"><label for=\"forminator-field-phone-1_69e4b9456708e\" id=\"forminator-field-phone-1_69e4b9456708e-label\" class=\"forminator-label\">Num\u00e9ro de t\u00e9l\u00e9phone <span class=\"forminator-required\">*<\/span><\/label><span id=\"forminator-field-phone-1_69e4b9456708e-description\" class=\"forminator-description\" id=\"forminator-field-phone-1_69e4b9456708e-description\">0612586597<\/span><input type=\"text\" name=\"phone-1\" value=\"\" placeholder=\"\" id=\"forminator-field-phone-1_69e4b9456708e\" class=\"forminator-input forminator-field--phone\" data-required=\"1\" aria-required=\"true\" autocomplete=\"off\" aria-describedby=\"forminator-field-phone-1_69e4b9456708e-description\" \/><\/div><\/div><\/div><div class=\"forminator-row\"><div id=\"textarea-1\" class=\"forminator-field-textarea forminator-col forminator-col-12 \"><div class=\"forminator-field\"><label for=\"forminator-field-textarea-1_69e4b9456708e\" id=\"forminator-field-textarea-1_69e4b9456708e-label\" class=\"forminator-label\">Message <span class=\"forminator-required\">*<\/span><\/label><span id=\"forminator-field-textarea-1_69e4b9456708e-description\" class=\"forminator-description\"><span data-limit=\"180\" data-type=\"characters\" data-editor=\"\">0 \/ 180<\/span><\/span><textarea name=\"textarea-1\" placeholder=\"\" id=\"forminator-field-textarea-1_69e4b9456708e\" class=\"forminator-textarea\" rows=\"6\" style=\"min-height:140px;\" maxlength=\"180\" ><\/textarea><\/div><\/div><\/div><input type=\"hidden\" name=\"referer_url\" value=\"\" \/><div class=\"forminator-row forminator-row-last\"><div class=\"forminator-col\"><div class=\"forminator-field\"><button class=\"forminator-button forminator-button-submit\">Envoyer<\/button><\/div><\/div><\/div><input type=\"hidden\" id=\"forminator_nonce\" name=\"forminator_nonce\" value=\"430e7ffb68\" \/><input type=\"hidden\" name=\"_wp_http_referer\" value=\"\/index.php\/wp-json\/wp\/v2\/pages\/2040\" \/><input type=\"hidden\" name=\"form_id\" value=\"2209\"><input type=\"hidden\" name=\"page_id\" value=\"2040\"><input type=\"hidden\" name=\"form_type\" value=\"default\"><input type=\"hidden\" name=\"current_url\" value=\"https:\/\/reparpc.com\/index.php\/contact\/\"><input type=\"hidden\" name=\"render_id\" value=\"0\"><input type=\"hidden\" name=\"action\" value=\"forminator_submit_form_custom-forms\"><\/form><\/div>\n                <\/div>\n              <\/div>\n            <\/div>\n          <\/div>\n          <div class=\"h-column h-column-container d-flex h-col-lg-auto h-col-md-auto h-col-auto style-354-outer style-local-2040-c6-outer\">\n            <div data-colibri-id=\"2040-c6\" class=\"d-flex h-flex-basis h-column__inner h-px-lg-3 h-px-md-3 h-px-3 v-inner-lg-3 v-inner-md-3 v-inner-3 style-354 style-local-2040-c6 position-relative\">\n              <!---->\n              <!---->\n              <div class=\"w-100 h-y-container h-column__content h-column__v-align flex-basis-100 align-self-lg-start align-self-md-start align-self-start\">\n                <!---->\n                <div data-colibri-id=\"2040-c7\" class=\"d-block style-355 style-local-2040-c7 position-relative h-element\">\n                  <!---->\n                  <div class=\"h-image__frame-container-outer\">\n                    <div class=\"h-image__frame-container\">\n                      <!---->\n                      <!---->\n                      <img loading=\"lazy\" decoding=\"async\" width=\"1648\" height=\"1080\" src=\"http:\/\/reparpc.com\/wp-content\/uploads\/2024\/10\/cropped-logo.png\" class=\"wp-image-2130 style-355-image style-local-2040-c7-image\" alt=\"\" srcset=\"https:\/\/reparpc.com\/wp-content\/uploads\/2024\/10\/cropped-logo.png 1648w, https:\/\/reparpc.com\/wp-content\/uploads\/2024\/10\/cropped-logo-300x197.png 300w, https:\/\/reparpc.com\/wp-content\/uploads\/2024\/10\/cropped-logo-1024x671.png 1024w, https:\/\/reparpc.com\/wp-content\/uploads\/2024\/10\/cropped-logo-768x503.png 768w, https:\/\/reparpc.com\/wp-content\/uploads\/2024\/10\/cropped-logo-1536x1007.png 1536w\" sizes=\"auto, (max-width: 1648px) 100vw, 1648px\" \/>\n                      <div class=\"h-image__frame h-hide-lg h-hide-md h-hide-sm style-355-frameImage style-local-2040-c7-frameImage\"><\/div>\n                    <\/div>\n                  <\/div>\n                <\/div>\n                <div data-colibri-id=\"2040-c8\" class=\"icon-list d-flex justify-content-lg-start justify-content-md-start justify-content-start style-356 style-local-2040-c8 position-relative h-element\">\n                  <!---->\n                  <ul class=\"ul-list-icon vertical-on-desktop vertical-on-tablet vertical-on-mobile justify-content-lg-start justify-content-md-start justify-content-start\">\n                    <!---->\n                    <li class=\"list-item no-gutters\">\n                      <!---->\n                      <div class=\"list-container-divider d-flex justify-content-lg-start justify-content-md-start justify-content-start first-el-spacer\"><\/div> <span class=\"item-link no-gutters\"><div class=\"d-flex h-col no-gutters align-items-lg-center align-items-md-center align-items-center list-item-text-wrapper\"><div class=\"d-flex\"><span  class=\"h-svg-icon style-356-icon style-local-2040-c8-icon\"><!--Icon by Icons8 Line Awesome (https:\/\/icons8.com\/line-awesome)--><svg version=\"1.1\" xmlns=\"http:\/\/www.w3.org\/2000\/svg\" xmlns:xlink=\"http:\/\/www.w3.org\/1999\/xlink\" id=\"phone\" viewBox=\"0 0 512 545.5\"><path d=\"M138.5 80c8.375 0 16.656 3.024 23.5 8.5l1 .5.5.5 64 66 1.5 1.5-.5.5c14.174 13.212 13.968 35.53.5 49l-32 32c4.92 11.277 18.33 40.02 44.5 65 26.358 25.16 53.932 39.467 65.5 45l31.5-31.5.5-.5c13.28-13.28 36.72-13.28 50 0l.5 1 65 65c13.28 13.28 13.28 36.22 0 49.5L405 481.5l-.5.5-.5.5c-15.01 12.867-36.04 17.486-55.5 11h-.5c-37.55-14.693-113.51-48.01-181.5-116C98.773 309.773 64.052 234.84 50.5 196c-.035-.1.034-.4 0-.5-6.703-18.434-1.915-39.738 13.5-54l-.5-.5 50-51.5.5-.5 1-.5c6.844-5.476 15.125-8.5 23.5-8.5zm0 32c-1.172 0-2.344.575-3.5 1.5L86.5 163l-.5.5-.5.5c-5.674 4.863-7.44 14.493-5 21 12.12 34.847 45.2 106.7 108.5 170 62.784 62.784 133.224 93.76 169.5 108 9.34 3.113 17.11 1.833 24.5-4.5l49-49c2.72-2.72 2.72-1.78 0-4.5l-65.5-65.5c-2.72-2.72-2.28-2.72-5 0l-40 40-7.5 7.5-10-4.5s-43.83-18.552-81-52.5l-3.5-3c-38.595-36.84-57-86-57-86l-3.5-10 7.5-7 40-40c1.966-1.966.874-3.6 1-3.5l-.5-.5-1-1-64-65.5c-1.156-.925-2.328-1.5-3.5-1.5z\"><\/path><\/svg><\/span><\/div>\n                <span class=\"list-text d-block\"><span>Phone: 07 49 59 44 46<\/span><\/span>\n              <\/div>\n              <\/span>\n              <div class=\"list-container-divider d-flex justify-content-lg-start justify-content-md-start justify-content-start\">\n                <!---->\n              <\/div>\n              <\/li>\n              <li class=\"list-item no-gutters\">\n                <!---->\n                <!----><span class=\"item-link no-gutters\"><div class=\"d-flex h-col no-gutters align-items-lg-center align-items-md-center align-items-center list-item-text-wrapper\"><div class=\"d-flex\"><span  class=\"h-svg-icon style-356-icon style-local-2040-c8-icon\"><!--Icon by Icons8 Line Awesome (https:\/\/icons8.com\/line-awesome)--><svg version=\"1.1\" xmlns=\"http:\/\/www.w3.org\/2000\/svg\" xmlns:xlink=\"http:\/\/www.w3.org\/1999\/xlink\" id=\"envelope\" viewBox=\"0 0 512 545.5\"><path d=\"M48 160h416v288H48V160zm69 32l139 92.5L395 192H117zm-37 14v210h352V206L265 317.5l-9 5.5-9-5.5z\"><\/path><\/svg><\/span><\/div>\n            <span class=\"list-text d-block\"><span>E-mail: reparpc.com@gmail.com<\/span><\/span>\n          <\/div>\n          <\/span>\n          <div class=\"list-container-divider d-flex justify-content-lg-start justify-content-md-start justify-content-start\" style=\"display: none;\">\n            <!---->\n          <\/div>\n          <div class=\"list-container-divider d-flex justify-content-lg-start justify-content-md-start justify-content-start last-el-spacer\"><\/div>\n          <\/li>\n          <\/ul>\n        <\/div>\n        <div data-colibri-id=\"2040-c9\" class=\"h-global-transition-all h-heading style-357 style-local-2040-c9 position-relative h-element\">\n          <!---->\n          <div class=\"h-heading__outer style-357 style-local-2040-c9\">\n            <!---->\n            <!---->\n            <h5 class=\"\">We are also social:&nbsp;<\/h5>\n          <\/div>\n        <\/div>\n        <div data-colibri-id=\"2040-c10\" class=\"style-358 style-local-2040-c10 position-relative h-element\">\n          <!---->\n          <div class=\"d-flex flex-wrap h-social-icons justify-content-lg-start justify-content-md-start justify-content-start\">\n            <div class=\"social-icon-container d-inline-flex\">\n              <a href=\"https:\/\/www.youtube.com\/@Reparpc-com\" h-use-smooth-scroll=\"true\">\n                <div class=\"icon-container h-social-icon h-global-transition\">\n                  <div class=\"h-icon-svg\" style=\"width: 100%; height: 100%;\">\n                    <!--Icon by Socicon (http:\/\/www.socicon.com)-->\n                    <svg version=\"1.1\" xmlns=\"http:\/\/www.w3.org\/2000\/svg\" viewBox=\"0 0 1500 1500\">\n\n                      <path d=\"M1485.352 451.172c0 0-14.648-105.469-58.594-149.414-58.594-61.523-123.047-61.523-152.344-64.453-208.008-14.648-524.414-14.648-524.414-14.648v0c0 0-316.406 0-524.414 14.648-29.297 2.93-93.75 2.93-152.344 64.453-43.945 43.945-58.594 149.414-58.594 149.414s-14.648 120.117-14.648 240.234v114.258c0 123.047 14.648 243.164 14.648 243.164s14.648 102.539 58.594 149.414c58.594 58.594 134.766 58.594 166.992 64.453 120.117 11.719 509.766 14.648 509.766 14.648s316.406 0 524.414-14.648c29.297-2.93 93.75-5.859 152.344-64.453 43.945-46.875 58.594-149.414 58.594-149.414s14.648-120.117 14.648-243.164v-114.258c0-120.117-14.648-240.234-14.648-240.234zM952.148 761.719v0l-354.492 184.57v-421.875l404.297 210.938z\"><\/path>\n                    <\/svg>\n                  <\/div>\n                <\/div>\n              <\/a>\n            <\/div>\n            <div class=\"social-icon-container d-inline-flex\">\n              <a href=\"https:\/\/discord.gg\/V9UvQjcN\" h-use-smooth-scroll=\"true\">\n                <div class=\"icon-container h-social-icon h-global-transition\">\n                  <div class=\"h-icon-svg\" style=\"width: 100%; height: 100%;\">\n                    <!--Icon by Socicon (http:\/\/www.socicon.com)-->\n                    <svg version=\"1.1\" xmlns=\"http:\/\/www.w3.org\/2000\/svg\" viewBox=\"0 0 1500 1500\">\n\n                      <path d=\"M1315.43 348.633c-184.57-137.695-360.352-131.836-360.352-131.836l-17.578 20.508c219.727 64.453 319.336 161.133 319.336 161.133-134.766-70.313-266.602-108.398-386.719-120.117-93.75-11.719-181.641-8.789-260.742 2.93-5.859 0-11.719 0-20.508 2.93-46.875 2.93-155.273 20.508-292.969 79.102-49.805 23.438-76.172 38.086-76.172 38.086s105.469-102.539 336.914-166.992l-14.648-14.648c0 0-175.781-5.859-360.352 131.836 0 0-184.57 333.984-184.57 744.141 0 0 108.398 184.57 392.578 193.359 0 0 49.805-58.594 84.961-105.469-164.063-49.805-222.656-149.414-222.656-149.414s11.719 8.789 35.156 20.508c0 0 2.93 2.93 2.93 2.93 5.859 2.93 8.789 5.859 11.719 8.789 32.227 17.578 64.453 29.297 96.68 41.016 52.734 23.438 114.258 41.016 187.5 55.664 96.68 17.578 210.938 26.367 333.984 2.93 58.594-11.719 120.117-29.297 184.57-55.664 46.875-17.578 96.68-41.016 149.414-76.172 0 0-64.453 102.539-231.445 149.414 38.086 49.805 84.961 105.469 84.961 105.469 284.18-8.789 389.648-193.359 389.648-193.359 2.93-413.086-181.641-747.070-181.641-747.070zM509.766 972.656c-70.313 0-128.906-64.453-128.906-140.625 0-79.102 58.594-140.625 128.906-140.625 73.242 0 131.836 61.523 131.836 140.625 0 76.172-58.594 140.625-131.836 140.625zM978.516 972.656c-70.313 0-128.906-64.453-128.906-140.625 0-79.102 58.594-140.625 128.906-140.625 73.242 0 131.836 61.523 131.836 140.625 0 76.172-58.594 140.625-131.836 140.625z\"><\/path>\n                    <\/svg>\n                  <\/div>\n                <\/div>\n              <\/a>\n            <\/div>\n            <div class=\"social-icon-container d-inline-flex\">\n              <a href=\"https:\/\/www.twitch.tv\/ore__chan\" h-use-smooth-scroll=\"true\">\n                <div class=\"icon-container h-social-icon h-global-transition\">\n                  <div class=\"h-icon-svg\" style=\"width: 100%; height: 100%;\">\n                    <!--Icon by Socicon (http:\/\/www.socicon.com)-->\n                    <svg version=\"1.1\" xmlns=\"http:\/\/www.w3.org\/2000\/svg\" viewBox=\"0 0 1500 1500\">\n\n                      <path d=\"M1075.195 1303.711h-292.969l-196.289 196.289h-193.359v-196.289h-360.352v-1042.969l99.609-260.742h1335.938v914.063zM1335.938 846.68v-717.773h-1075.195v946.289h292.969v196.289l196.289-196.289h357.422zM978.516 392.578v389.648h128.906v-389.648zM618.164 782.227h131.836v-389.648h-131.836z\"><\/path>\n                    <\/svg>\n                  <\/div>\n                <\/div>\n              <\/a>\n            <\/div>\n          <\/div>\n        <\/div>\n      <\/div>\n    <\/div>\n  <\/div>\n<\/div>\n<\/div>\n<\/div>\n<\/div>\n<\/div>","protected":false},"excerpt":{"rendered":"<p>Phone: 07 49 59 44 46 E-mail: reparpc.com@gmail.com We are also social:&nbsp;<\/p>\n","protected":false},"author":1,"featured_media":0,"parent":0,"menu_order":0,"comment_status":"closed","ping_status":"closed","template":"page-templates\/full-width-page.php","meta":{"footnotes":""},"class_list":["post-2040","page","type-page","status-publish","hentry"],"yoast_head":"<!-- This site is optimized with the Yoast SEO plugin v27.4 - https:\/\/yoast.com\/product\/yoast-seo-wordpress\/ -->\n<title>Contact - R\u00e9par PC<\/title>\n<meta name=\"robots\" content=\"index, follow, max-snippet:-1, max-image-preview:large, max-video-preview:-1\" \/>\n<link rel=\"canonical\" href=\"https:\/\/reparpc.com\/index.php\/contact\/\" \/>\n<meta property=\"og:locale\" content=\"fr_FR\" \/>\n<meta property=\"og:type\" content=\"article\" \/>\n<meta property=\"og:title\" content=\"Contact - R\u00e9par PC\" \/>\n<meta property=\"og:description\" content=\"Phone: 07 49 59 44 46 E-mail: reparpc.com@gmail.com We are also social:&nbsp;\" \/>\n<meta property=\"og:url\" content=\"https:\/\/reparpc.com\/index.php\/contact\/\" \/>\n<meta property=\"og:site_name\" content=\"R\u00e9par PC\" \/>\n<meta property=\"article:modified_time\" content=\"2026-02-26T17:45:26+00:00\" \/>\n<meta property=\"og:image\" content=\"https:\/\/reparpc.com\/wp-content\/uploads\/2024\/10\/cropped-logo-1024x671.png\" \/>\n\t<meta property=\"og:image:width\" content=\"1024\" \/>\n\t<meta property=\"og:image:height\" content=\"671\" \/>\n\t<meta property=\"og:image:type\" content=\"image\/png\" \/>\n<meta name=\"twitter:card\" content=\"summary_large_image\" \/>\n<meta name=\"twitter:label1\" content=\"Dur\u00e9e de lecture estim\u00e9e\" \/>\n\t<meta name=\"twitter:data1\" content=\"1 minute\" \/>\n<script type=\"application\/ld+json\" class=\"yoast-schema-graph\">{\"@context\":\"https:\\\/\\\/schema.org\",\"@graph\":[{\"@type\":\"WebPage\",\"@id\":\"https:\\\/\\\/reparpc.com\\\/index.php\\\/contact\\\/\",\"url\":\"https:\\\/\\\/reparpc.com\\\/index.php\\\/contact\\\/\",\"name\":\"Contact - R\u00e9par PC\",\"isPartOf\":{\"@id\":\"https:\\\/\\\/reparpc.com\\\/#website\"},\"primaryImageOfPage\":{\"@id\":\"https:\\\/\\\/reparpc.com\\\/index.php\\\/contact\\\/#primaryimage\"},\"image\":{\"@id\":\"https:\\\/\\\/reparpc.com\\\/index.php\\\/contact\\\/#primaryimage\"},\"thumbnailUrl\":\"http:\\\/\\\/reparpc.com\\\/wp-content\\\/uploads\\\/2024\\\/10\\\/cropped-logo.png\",\"datePublished\":\"2024-10-04T09:39:02+00:00\",\"dateModified\":\"2026-02-26T17:45:26+00:00\",\"breadcrumb\":{\"@id\":\"https:\\\/\\\/reparpc.com\\\/index.php\\\/contact\\\/#breadcrumb\"},\"inLanguage\":\"fr-FR\",\"potentialAction\":[{\"@type\":\"ReadAction\",\"target\":[\"https:\\\/\\\/reparpc.com\\\/index.php\\\/contact\\\/\"]}]},{\"@type\":\"ImageObject\",\"inLanguage\":\"fr-FR\",\"@id\":\"https:\\\/\\\/reparpc.com\\\/index.php\\\/contact\\\/#primaryimage\",\"url\":\"https:\\\/\\\/reparpc.com\\\/wp-content\\\/uploads\\\/2024\\\/10\\\/cropped-logo.png\",\"contentUrl\":\"https:\\\/\\\/reparpc.com\\\/wp-content\\\/uploads\\\/2024\\\/10\\\/cropped-logo.png\",\"width\":1648,\"height\":1080},{\"@type\":\"BreadcrumbList\",\"@id\":\"https:\\\/\\\/reparpc.com\\\/index.php\\\/contact\\\/#breadcrumb\",\"itemListElement\":[{\"@type\":\"ListItem\",\"position\":1,\"name\":\"Home\",\"item\":\"https:\\\/\\\/reparpc.com\\\/\"},{\"@type\":\"ListItem\",\"position\":2,\"name\":\"Contact\"}]},{\"@type\":\"WebSite\",\"@id\":\"https:\\\/\\\/reparpc.com\\\/#website\",\"url\":\"https:\\\/\\\/reparpc.com\\\/\",\"name\":\"R\u00e9par PC\",\"description\":\"Un site utilisant WordPress\",\"publisher\":{\"@id\":\"https:\\\/\\\/reparpc.com\\\/#organization\"},\"potentialAction\":[{\"@type\":\"SearchAction\",\"target\":{\"@type\":\"EntryPoint\",\"urlTemplate\":\"https:\\\/\\\/reparpc.com\\\/?s={search_term_string}\"},\"query-input\":{\"@type\":\"PropertyValueSpecification\",\"valueRequired\":true,\"valueName\":\"search_term_string\"}}],\"inLanguage\":\"fr-FR\"},{\"@type\":\"Organization\",\"@id\":\"https:\\\/\\\/reparpc.com\\\/#organization\",\"name\":\"R\u00e9par PC\",\"url\":\"https:\\\/\\\/reparpc.com\\\/\",\"logo\":{\"@type\":\"ImageObject\",\"inLanguage\":\"fr-FR\",\"@id\":\"https:\\\/\\\/reparpc.com\\\/#\\\/schema\\\/logo\\\/image\\\/\",\"url\":\"https:\\\/\\\/reparpc.com\\\/wp-content\\\/uploads\\\/2024\\\/10\\\/cropped-logo.png\",\"contentUrl\":\"https:\\\/\\\/reparpc.com\\\/wp-content\\\/uploads\\\/2024\\\/10\\\/cropped-logo.png\",\"width\":1648,\"height\":1080,\"caption\":\"R\u00e9par PC\"},\"image\":{\"@id\":\"https:\\\/\\\/reparpc.com\\\/#\\\/schema\\\/logo\\\/image\\\/\"}}]}<\/script>\n<!-- \/ Yoast SEO plugin. -->","yoast_head_json":{"title":"Contact - R\u00e9par PC","robots":{"index":"index","follow":"follow","max-snippet":"max-snippet:-1","max-image-preview":"max-image-preview:large","max-video-preview":"max-video-preview:-1"},"canonical":"https:\/\/reparpc.com\/index.php\/contact\/","og_locale":"fr_FR","og_type":"article","og_title":"Contact - R\u00e9par PC","og_description":"Phone: 07 49 59 44 46 E-mail: reparpc.com@gmail.com We are also social:&nbsp;","og_url":"https:\/\/reparpc.com\/index.php\/contact\/","og_site_name":"R\u00e9par PC","article_modified_time":"2026-02-26T17:45:26+00:00","og_image":[{"width":1024,"height":671,"url":"https:\/\/reparpc.com\/wp-content\/uploads\/2024\/10\/cropped-logo-1024x671.png","type":"image\/png"}],"twitter_card":"summary_large_image","twitter_misc":{"Dur\u00e9e de lecture estim\u00e9e":"1 minute"},"schema":{"@context":"https:\/\/schema.org","@graph":[{"@type":"WebPage","@id":"https:\/\/reparpc.com\/index.php\/contact\/","url":"https:\/\/reparpc.com\/index.php\/contact\/","name":"Contact - R\u00e9par PC","isPartOf":{"@id":"https:\/\/reparpc.com\/#website"},"primaryImageOfPage":{"@id":"https:\/\/reparpc.com\/index.php\/contact\/#primaryimage"},"image":{"@id":"https:\/\/reparpc.com\/index.php\/contact\/#primaryimage"},"thumbnailUrl":"http:\/\/reparpc.com\/wp-content\/uploads\/2024\/10\/cropped-logo.png","datePublished":"2024-10-04T09:39:02+00:00","dateModified":"2026-02-26T17:45:26+00:00","breadcrumb":{"@id":"https:\/\/reparpc.com\/index.php\/contact\/#breadcrumb"},"inLanguage":"fr-FR","potentialAction":[{"@type":"ReadAction","target":["https:\/\/reparpc.com\/index.php\/contact\/"]}]},{"@type":"ImageObject","inLanguage":"fr-FR","@id":"https:\/\/reparpc.com\/index.php\/contact\/#primaryimage","url":"https:\/\/reparpc.com\/wp-content\/uploads\/2024\/10\/cropped-logo.png","contentUrl":"https:\/\/reparpc.com\/wp-content\/uploads\/2024\/10\/cropped-logo.png","width":1648,"height":1080},{"@type":"BreadcrumbList","@id":"https:\/\/reparpc.com\/index.php\/contact\/#breadcrumb","itemListElement":[{"@type":"ListItem","position":1,"name":"Home","item":"https:\/\/reparpc.com\/"},{"@type":"ListItem","position":2,"name":"Contact"}]},{"@type":"WebSite","@id":"https:\/\/reparpc.com\/#website","url":"https:\/\/reparpc.com\/","name":"R\u00e9par PC","description":"Un site utilisant WordPress","publisher":{"@id":"https:\/\/reparpc.com\/#organization"},"potentialAction":[{"@type":"SearchAction","target":{"@type":"EntryPoint","urlTemplate":"https:\/\/reparpc.com\/?s={search_term_string}"},"query-input":{"@type":"PropertyValueSpecification","valueRequired":true,"valueName":"search_term_string"}}],"inLanguage":"fr-FR"},{"@type":"Organization","@id":"https:\/\/reparpc.com\/#organization","name":"R\u00e9par PC","url":"https:\/\/reparpc.com\/","logo":{"@type":"ImageObject","inLanguage":"fr-FR","@id":"https:\/\/reparpc.com\/#\/schema\/logo\/image\/","url":"https:\/\/reparpc.com\/wp-content\/uploads\/2024\/10\/cropped-logo.png","contentUrl":"https:\/\/reparpc.com\/wp-content\/uploads\/2024\/10\/cropped-logo.png","width":1648,"height":1080,"caption":"R\u00e9par PC"},"image":{"@id":"https:\/\/reparpc.com\/#\/schema\/logo\/image\/"}}]}},"_links":{"self":[{"href":"https:\/\/reparpc.com\/index.php\/wp-json\/wp\/v2\/pages\/2040","targetHints":{"allow":["GET"]}}],"collection":[{"href":"https:\/\/reparpc.com\/index.php\/wp-json\/wp\/v2\/pages"}],"about":[{"href":"https:\/\/reparpc.com\/index.php\/wp-json\/wp\/v2\/types\/page"}],"author":[{"embeddable":true,"href":"https:\/\/reparpc.com\/index.php\/wp-json\/wp\/v2\/users\/1"}],"replies":[{"embeddable":true,"href":"https:\/\/reparpc.com\/index.php\/wp-json\/wp\/v2\/comments?post=2040"}],"version-history":[{"count":9,"href":"https:\/\/reparpc.com\/index.php\/wp-json\/wp\/v2\/pages\/2040\/revisions"}],"predecessor-version":[{"id":2212,"href":"https:\/\/reparpc.com\/index.php\/wp-json\/wp\/v2\/pages\/2040\/revisions\/2212"}],"wp:attachment":[{"href":"https:\/\/reparpc.com\/index.php\/wp-json\/wp\/v2\/media?parent=2040"}],"curies":[{"name":"wp","href":"https:\/\/api.w.org\/{rel}","templated":true}]}}